
-3
-10 (base 9) to base 2
-1001
-223 (base 4) to base 3
-1121
What is -7 (base 15) in base 2?
-111
What is 120 (base 4) in base 15?
19
What is 215 (base 6) in base 13?
65
Convert 0 (base 3) to base 6.
0
Convert 14 (base 7) to base 10.
11
What is 2 (base 12) in base 5?
2
What is 3 (base 10) in base 5?
3
What is -3 (base 6) in base 15?
-3
What is -29 (base 11) in base 5?
-111
Convert -1110111 (base 2) to base 5.
-434
-56 (base 16) to base 9
-105
Convert -4 (base 15) to base 6.
-4
-5 (base 15) to base 9
-5
What is -16 (base 8) in base 10?
-14
Convert -1 (base 15) to base 12.
-1
-3 (base 11) to base 10
-3
Convert -330 (base 7) to base 3.
-20020
What is -2 (base 11) in base 3?
-2
0 (base 3) to base 12
0
-288 (base 9) to base 16
-f2
What is 11011 (base 2) in base 15?
1c
Convert 1 (base 12) to base 15.
1
Convert 10 (base 10) to base 6.
14
-4 (base 7) to base 15
-4
What is -20 (base 8) in base 13?
-13
What is -a (base 15) in base 3?
-101
Convert -571 (base 8) to base 6.
-1425
Convert -3 (base 12) to base 2.
-11
What is 71 (base 14) in base 13?
78
Convert -4a (base 12) to base 5.
-213
3 (base 9) to base 2
11
-10011 (base 2) to base 14
-15
11 (base 7) to base 12
8
What is -9 (base 12) in base 15?
-9
Convert 3 (base 4) to base 11.
3
What is 1 (base 2) in base 9?
1
What is -11 (base 8) in base 3?
-100
2 (base 4) to base 16
2
Convert 2c (base 14) to base 8.
50
-1a (base 13) to base 4
-113
What is -1302 (base 6) in base 2?
-101000110
Convert 111 (base 2) to base 11.
7
Convert 180 (base 11) to base 13.
131
1033 (base 4) to base 6
211
46 (base 8) to base 3
1102
2 (base 7) to base 3
2
What is -12 (base 7) in base 16?
-9
-1 (base 16) to base 6
-1
-117 (base 9) to base 6
-241
20 (base 5) to base 16
a
What is -3 (base 10) in base 4?
-3
Convert -38 (base 12) to base 3.
-1122
235 (base 9) to base 2
11000010
What is -14 (base 7) in base 2?
-1011
Convert -8 (base 11) to base 14.
-8
Convert -113 (base 5) to base 13.
-27
101 (base 3) to base 6
14
Convert 18 (base 9) to base 16.
11
What is -117 (base 10) in base 5?
-432
-7 (base 9) to base 16
-7
Convert -108 (base 16) to base 11.
-220
Convert -111 (base 12) to base 4.
-2131
-3 (base 10) to base 11
-3
What is 60 (base 7) in base 14?
30
1 (base 16) to base 4
1
101 (base 4) to base 16
11
4 (base 13) to base 14
4
145 (base 15) to base 3
101202
-67 (base 14) to base 9
-111
83 (base 9) to base 16
4b
Convert 29 (base 14) to base 9.
41
-6d (base 15) to base 11
-94
What is 1302 (base 4) in base 11?
a4
11201 (base 3) to base 16
7f
What is 1201 (base 3) in base 5?
141
What is 4a (base 12) in base 14?
42
-10302 (base 4) to base 13
-1a7
Convert 5 (base 13) to base 11.
5
-1 (base 13) to base 3
-1
What is 42 (base 12) in base 3?
1212
-3 (base 5) to base 7
-3
What is 3 (base 6) in base 9?
3
What is 2 (base 15) in base 13?
2
-2 (base 12) to base 5
-2
-101010 (base 3) to base 7
-540
-20 (base 7) to base 8
-16
Convert 3 (base 9) to base 8.
3
-a4 (base 14) to base 3
-12100
Convert 15 (base 10) to base 8.
17
Convert -5 (base 10) to base 4.
-11
What is -516 (base 7) in base 9?
-316
-4f (base 16) to base 14
-59
-1 (base 10) to base 8
-1
Convert -58 (base 9) to base 6.
-125
402 (base 7) to base 2
11000110
Convert -402 (base 5) to base 10.
-102
101 (base 3) to base 8
12
What is 3 (base 11) in base 12?
3
What is 13 (base 4) in base 12?
7
Convert 3 (base 14) to base 16.
3
-5 (base 8) to base 16
-5
What is -d (base 16) in base 13?
-10
Convert -21 (base 15) to base 11.
-29
-3 (base 13) to base 15
-3
What is -11000111 (base 2) in base 11?
-171
What is -20 (base 8) in base 10?
-16
-110011 (base 2) to base 6
-123
104 (base 5) to base 2
11101
What is 366 (base 7) in base 8?
303
-1121 (base 3) to base 12
-37
-100 (base 3) to base 13
-9
Convert 1241 (base 6) to base 2.
100111001
Convert 24 (base 7) to base 15.
13
Convert -11 (base 6) to base 3.
-21
-110 (base 4) to base 5
-40
-51 (base 12) to base 11
-56
Convert 38 (base 9) to base 12.
2b
3 (base 13) to base 3
10
-16 (base 7) to base 14
-d
Convert 11 (base 4) to base 11.
5
-1 (base 5) to base 8
-1
Convert 1d (base 14) to base 2.
11011
Convert 4 (base 5) to base 10.
4
What is -317 (base 8) in base 10?
-207
c (base 16) to base 8
14
-1 (base 3) to base 12
-1
Convert b (base 14) to base 10.
11
Convert 3 (base 15) to base 9.
3
-100 (base 3) to base 6
-13
Convert 7 (base 16) to base 14.
7
Convert -12 (base 12) to base 7.
-20
What is -1 (base 9) in base 3?
-1
516 (base 8) to base 16
14e
What is -121 (base 3) in base 8?
-20
What is 10 (base 8) in base 7?
11
-2 (base 11) to base 5
-2
What is -77 (base 9) in base 7?
-130
Convert 3 (base 4) to base 5.
3
What is 0 (base 12) in base 3?
0
6 (base 11) to base 4
12
Convert -1 (base 14) to base 3.
-1
11 (base 2) to base 10
3
Convert -5 (base 13) to base 9.
-5
What is 0 (base 6) in base 2?
0
Convert -202 (base 4) to base 15.
-24
0 (base 14) to base 3
0
Convert 3 (base 16) to base 13.
3
4 (base 8) to base 13
4
What is 17 (base 16) in base 10?
23
Convert -30 (base 9) to base 15.
-1c
Convert 112 (base 8) to base 12.
62
Convert -200 (base 3) to base 5.
-33
Convert -1 (base 14) to base 13.
-1
Convert 64 (base 7) to base 9.
51
What is -351 (base 8) in base 12?
-175
Convert -1 (base 7) to base 5.
-1
0 (base 11) to base 2
0
What is 39 (base 15) in base 11?
4a
What is 12 (base 8) in base 2?
1010
What is 2 (base 7) in base 8?
2
Convert -37 (base 13) to base 15.
-31
77 (base 8) to base 12
53
What is 3 (base 13) in base 10?
3
Convert -120 (base 6) to base 7.
-66
-10 (base 4) to base 5
-4
Convert 6 (base 15) to base 10.
6
What is 403 (base 6) in base 8?
223
Convert -e (base 15) to base 14.
-10
Convert -1 (base 12) to base 16.
-1
What is -10 (base 8) in base 11?
-8
What is 205 (base 9) in base 4?
2213
-51 (base 6) to base 15
-21
What is -2 (base 6) in base 16?
-2
What is -b (base 15) in base 8?
-13
1020 (base 3) to base 11
30
Convert -24 (base 9) to base 10.
-22
-4a (base 12) to base 8
-72
What is 1 (base 5) in base 2?
1
17 (base 8) to base 12
13
-3 (base 7) to base 8
-3
Convert 19 (base 11) to base 5.
40
79 (base 11) to base 5
321
Convert -3b (base 16) to base 9.
-65
-11 (base 14) to base 9
-16
What is 2 (base 15) in base 2?
10
What is 3 (base 9) in base 5?
3
Convert -2 (base 6) to base 13.
-2
Convert -110 (base 3) to base 8.
-14
-57 (base 11) to base 7
-116
1c (base 15) to base 4
123
Convert a (base 13) to base 8.
12
11 (base 2) to base 11
3
Convert -d (base 16) to base 11.
-12
Convert -1 (base 3) to base 4.
-1
What is -13 (base 8) in base 10?
-11
Convert -333 (base 4) to base 2.
-111111
-2 (base 3) to base 13
-2
35 (base 12) to base 6
105
What is -24 (base 8) in base 10?
-20
Convert -87 (base 10) to base 12.
-73
What is 73 (base 9) in base 7?
123
201 (base 3) to base 2
10011
110 (base 2) to base 8
6
-147 (base 13) to base 14
-124
What is -8 (base 12) in base 10?
-8
What is 57 (base 11) in base 13?
4a
26 (base 13) to base 11
2a
-11 (base 13) to base 10
-14
What is -7 (base 11) in base 7?
-10
Convert 17 (base 12) to base 15.
14
-4 (base 9) to base 6
-4
-43 (base 16) to base 7
-124
3 (base 14) to base 13
3
1 (base 6) to base 8
1
Convert -21 (base 16) to base 13.
-27
Convert 111101 (base 2) to base 15.
41
What is 1 (base 4) in base 5?
1
Convert 11001010 (base 2) to base 12.
14a
Convert -171 (base 13) to base 12.
-199
Convert 90 (base 12) to base 10.
108
What is -15 (base 7) in base 5?
-22
Convert -23 (base 5) to base 7.
-16
Convert -5 (base 12) to base 2.
-101
-2 (base 11) to base 9
-2
Convert -26 (base 7) to base 15.
-15
-10 (base 14) to base 10
-14
-1 (base 14) to base 13
-1
Convert -3 (base 11) to base 9.
-3
Convert 4 (base 6) to base 2.
100
Convert -144 (base 12) to base 7.
-400
What is 70 (base 11) in base 3?
2212
-1 (base 13) to base 11
-1
What is 10 (base 3) in base 13?
3
Convert 21 (base 7) to base 4.
33
What is -1 (base 16) in base 6?
-1
What is 1 (base 2) in base 5?
1
3 (base 6) to base 8
3
5 (base 13) to base 14
5
164 (base 8) to base 16
74
What is 52 (base 9) in base 4?
233
Convert 11 (base 4) to base 13.
5
-2 (base 3) to base 15
-2
8 (base 11) to base 4
20
-22 (base 4) to base 5
-20
-5 (base 13) to base 16
-5
What is 1 (base 12) in base 8?
1
Convert 100 (base 3) to base 16.
9
What is -33 (base 14) in base 8?
-55
-14 (base 12) to base 3
-121
What is -2 (base 9) in base